mposite number?
True
Let u = 1581701 - 179140. Is u prime?
False
Let h be (-4)/(-7)*(-1106)/(-4). Suppose -13606 = h*n - 160*n. Is n a composite number?
False
Let a(n) = 589*n**3 - n**2 + 2*n - 1. Let f = -9 + 11. Is a(f) composite?
True
Let m(f) = -f**3 + 4*f**2 + 7*f + 2. Let u be m(5). Suppose 0 = -u*d + 16*d - 1392. Let h = 665 - d. Is h composite?
False
Let k(h) = -h**2 - 11*h + 81. Let q be k(-16). Let j be (2 + -1)/((-1)/(-2)). Is (119/j)/(q/2) a prime number?
False
Let t(r) = 37*r**2 + 4*r - 1. Let j be t(-5). Suppose 0 = 5*o + 15, 14*o + 48 = 5*y + 13*o. Suppose j = 13*d - y*d. Is d composite?
True
Let d = -842 + 844. Suppose -d*l - 13*y + 10*y = -3187, 3*l - 4782 = -5*y. Is l a composite number?
True
Let g = 136608 + -47093. Is g a composite number?
True
Let s(q) = 6552*q**2 - 5. Let m be 2/(1 - (0 - -2)/(-2)). Is s(m) prime?
True
Suppose -31*b + 81 = -74. Suppose -8*q = -3*s - 5*q + 44598, b*s - 2*q = 74339. Is s a prime number?
True
Let s = -30069 + 63176. Is s composite?
False
Suppose -3*g + 5*u + 33 = -0*u, -5*g + 2*u + 36 = 0. Is ((-1 + 3)/g)/((-2)/(-16998)) prime?
True
Let s(x) = 7*x + 26. Let g be s(-5). Is (-208462)/(-18) - (-5 + (-47)/g) a prime number?
False
Suppose -2*t + 248 = -5522. Is t prime?
False
Suppose -10*a + 2518704 = 650294. Is a a prime number?
True
Suppose 2*n - 25 = 5*t, -n - 14 = -5*n - 2*t. Suppose 4*d - q - 9596 - 8809 = 0, -2*d + n*q = -9207. Is d composite?
True
Suppose 27875 = 5*r + 5*g + 2995, 0 = -3*g + 15. Is r composite?
True
Let b(q) = 165*q**2 - 12*q - 45. Let v be b(6). Suppose -7*g + 7498 = -v. Is g a prime number?
False
Suppose 2*g - 3*h - 179 = 0, -g = g + 2*h - 204. Let o(m) = -6*m + 30. Let t be o(3). Is (g/1)/(4*1/t) composite?
True
Let y = 2185855 + -950904. Is y a composite number?
False
Let q(w) = w**3 - 6*w + 4. Let i be q(2). Suppose i = -x + 6*x - 2*f - 21, 4*f + 15 = x. Suppose -3140 = -x*j - j. Is j a composite number?
True
Let v = -41137 - -63326. Is v a prime number?
True
Let v(j) = 1338*j**3 + 13*j**2 - 21*j. Let u be v(2). Let c = u + -7355. Is c a prime number?
True
Let v(m) = -m**3 + 8*m**2 + 8*m + 15. Let n be v(9). Suppose 4*z - 94 = -3*i, n*i = i + 4*z + 210. Suppose -34*u = -i*u + 3652. Is u a composite number?
True
Let v be (0 - (-21681)/12)/((-9)/(-24)). Suppose 273*p - v = 267*p. Is p a prime number?
False
Let n be ((-2)/(-6)*2)/(4/12). Suppose -2*m + 23 = -3*j, -5*m - 3*j = n - 28. Is (m + -1 + -1)*(401 + 0) a prime number?
False
Suppose 5*w - 4*a = 410673, 5*w + 9*a - 4*a - 410655 = 0. Is w a composite number?
True
Suppose -2*t - 33 = c - 7, -4*c - 68 = 5*t. Let i be 6*-1*((-44)/t + -4). Suppose -7*u = -i*u - 5245. Is u a composite number?
False
Suppose 4*m - 2*m - 448549 = -178343. Is m prime?
False
Suppose 20*w = 16*w. Let g(i) = 5*i + 3269. Is g(w) a prime number?
False
Let c(z) = -30789*z - 955. Is c(-4) prime?
True
Suppose -47*k + 54*k - 679 = 0. Is k prime?
True
Let v(m) = 27*m - 455. Let d be v(0). Let r = 3323 - d. Is r prime?
False
Let y be 6/33 - (-896070)/66. Suppose -3*c + 3949 = 3*w - y, 0 = -w + 3. Is c a prime number?
True
Suppose -2*h + 170 = -3*j, -431 = 5*j - 3*h - 149. Let o be 1 + (2 - 0) + j*157. Let b = o + 14828. Is b a composite number?
False
Suppose -6*o + 9682 = -12026. Let l = o - 1601. Is l prime?
True
Suppose 238 = -2*d + 2*k, 0 = k - 2*k + 4. Let r = d - -118. Suppose -2*w = -7*a + r*a - 450, -4*w + 885 = -3*a. Is w composite?
True
Let z = -6934 - -13131. Is z a composite number?
False
Suppose 5*l = 5*x - 5, -2*l + 7*l + 4*x - 4 = 0. Let y be 360/(-1) + -1 - (l + 3). Is ((-38)/(-8))/((-371)/y - 1) prime?
False
Suppose -j - 3*g = -2398, -j - 49*g = -53*g - 2363. Suppose j = 5*l - 582. Is l composite?
False
Let t(a) = 4*a**2 + 6*a - 17. Let b(j) = j - 2. Let h = 37 + -43. Let n be b(h). Is t(n) a composite number?
False
Suppose -b + 64 = -89. Let g = -135 + b. Is ((-1848)/g - 2)*39/(-2) a composite number?
True
Let w(f) = 2017*f + 247. Is w(6) composite?
True
Let v = 260736 - -512245. Is v a composite number?
True
Suppose -18*n = -13*n + 11530. Let z be (-4117)/(-1 + 1 - 1). Let s = n + z. Is s prime?
True
Suppose -2*k - 34588 = -3*g + 112259, -4*k = -5*g + 244747. Is g a composite number?
False
Let p = 157 + -103. Suppose 0 = -5*z + 15, -4*h - h = -2*z - p. Is (-573)/(-2)*(-2 + 32/h) a composite number?
False
Let c(m) = 23*m**2 + 134*m + 48. Is c(19) prime?
False
Let b = 456 - 474. Is (6/(-4))/(b/3684) a prime number?
True
Let h(r) = -17*r - 153. Let s(u) = -6*u - 51. Let a(b) = -3*h(b) + 8*s(b). Let l be a(-16). Suppose -l*t = -3*c + t + 6559, 0 = -2*t + 4. Is c prime?
False
Let j(f) = -15*f - 1 - 11*f + 25*f. Let d(o) = -3*o + 595. Let n(t) = d(t) - 4*j(t). Is n(0) a prime number?
True
Suppose 0 = -i - 3*a + 19, 3*i = -2*i + 2*a + 10. Suppose -9*n + 5*c - 35 = -5*n, i*n + 2*c = -14. Let b(x) = -7*x**3 + x**2 - 4*x + 2. Is b(n) a prime number?
False
Let m(o) = o**3 + 38*o**2 - 175*o + 137. Is m(-40) a composite number?
True
Suppose 33*j - 628216 = 646871. Is j prime?
True
Let j(c) = 2167*c**3 + 3*c**2 - 28*c + 55. Is j(4) a prime number?
True
Let m = -68214 - -376597. Is m composite?
False
Let q(o) = 12*o**3 + 3*o**2 - 2*o - 6. Let f be 24/(-48) + 366/4. Let l = 94 - f. Is q(l) prime?
False
Suppose 0 = 5*f - 836 - 1239. Suppose -4*n + 2664 = 4*z - 3*z, -2*n + 2*z = -1332. Let d = f + n. Is d composite?
True
Suppose 2*f - 365203 = -p, -144 + 153 = -f. Is p composite?
True
Let u(t) = -t**3 + 31*t**2 - 29*t - 29. Let i be u(30). Is i/2*(8008 + 3 + 7) composite?
True
Let o be ((-39)/(-15))/((-2)/(-10)). Suppose o*d = 11*d + 262. Is d prime?
True
Let y(v) = 2*v**3 - 43*v**2 - 19*v - 1. Let k be y(21). Let o = k - -1470. Is o prime?
False
Let r(j) = -2*j - 4. Let u be r(-2). Let m = -9 - u. Let z(y) = 16*y**2 + 6*y + 17. Is z(m) prime?
True
Suppose -3*a + 51 = -5*r, -4*r - r + 4*a = 48. Let f(q) = q**3 + 22*q**2 - 8*q + 23. Is f(r) composite?
False
Let z(g) = -9*g + 6. Let l be z(-2). Suppose -j + 25*o - l*o = -2235, 0 = -5*j - 4*o + 11139. Is j prime?
False
Let r(u) = 142*u**2 + 5*u - 4. Let l(z) = 425*z**2 + 15*z - 13. Let f(v) = 3*l(v) - 8*r(v). Let p be 76/20 - 3/(30/8). Is f(p) composite?
False
Let y(x) be the third derivative of x**5/20 - 17*x**4/8 + 5*x**3/2 + 2*x**2 - 41*x. Is y(31) a composite number?
True
Let w(o) = 11*o**2 + 16*o + 21. Let n = -217 - -225. Is w(n) a prime number?
True
Let r(o) = 10*o - 21. Let v(y) = -11*y + 21. Let h(u) = 6*r(u) + 5*v(u). Let p be h(17). Suppose p*b = 59*b + 11545. Is b a composite number?
False
Let o = 23 + -23. Suppose 4*w + 901 = 3*u, o*u + w - 619 = -2*u. Suppose -6*z + 1919 = -u. Is z prime?
False
Let n = 220495 - 145052. Is n a prime number?
False
Suppose 15 = -3*w + 3, 4*q - 936 = -3*w. Let m = q + -80. Is m a prime number?
True
Let z(j) be the third derivative of -j**6/120 + j**5/6 - 5*j**3/3 - j**2 + 43*j. Let y(p) = 2*p + 3. Let r be y(3). Is z(r) a prime number?
True
Let r = 19 - 17. Suppose 5*p = y + 20, -r*p + 15 = y - 0. Suppose p*s + 2838 = 2*h, s + s = -8. Is h composite?
False
Suppose -4*p + 22 = -2*i, 1 = 4*i - 3*p + 70. Is (-6)/(-4)*(-6874)/i composite?
False
Let i(f) = f**3 + 20*f**2 - 19*f + 36. Let v be i(-21). Let z be (v/(-9))/((-8)/84). Let r(y) = -149*y - 4. Is r(z) a prime number?
True
Suppose -5*p - 6*p = 86405. Let z = 11498 + p. Is z a composite number?
False
Let x be 345/(-46)*22*4/(-10). Let w = x + 61. Is w composite?
False
Suppose 5*b = -1442 + 472. Is (-3 - b) + 0/1 a prime number?
True
Suppose -5*p = -2*l - 0*l + 15822, -5*p - 3*l = 15817. Let m = -1821 - p. Is m prime?
False
Let v(p) = -87166*p - 8919. Is v(-13) a prime number?
True
Let g be 21*(1 - 30/42). Suppose 72943 = 5*z - 4*u, -4*u = -4*z - g*u + 58370. Is z a prime number?
True
Suppose 8*k - 5*k - 223932 = 0. Is ((-108)/(-24) + -6)*k/(-6) a composite number?
False
Suppose 2*t - 4*k - 6 = 0, 5 - 12 = -t - 2*k. Is (4/8)/(t/49090) a composite number?
False
Let y(h) = -h**3 + 4*h**2 + 3*h - 10. Let p be y(3). Suppose 3*s = p*s - 925. Let f = 449 + s. Is f prime?
False
Let h = 13740 - 27296. Is (-2)/(16/h) + (-15)/10 composite?
False
Is (35/(-3) + -1)/((-79)/227766243*38) composite?
True
Suppose -181*h = -184*h + 39861. Is (2/(18/h))/((-2)/(-6)) a composite number?
True
Is (-1444947)/(-11) - (-29)/(4785/3